)/t)/(-9)). What is the remainder when 51 is divided by 4/m - ((-127)/7 + 0)?
15
Suppose 0*m = 4*m - 136. Suppose 0 = -2*d + 4*w + 18, 0*w = -5*d - w + m. Calculate the remainder when 44 is divided by d.
2
Suppose 0 = -554*o + 549*o - k + 99, -12 = 2*k. What is the remainder when 1694 is divided by o?
14
Let i = 157 - 455. Let b = i - -329. Calculate the remainder when 49 is divided by b.
18
Let a(x) = x**3 + 18*x**2 + 12*x + 4. Let d be a(-13). Let y = -690 + d. Calculate the remainder when 20 is divided by y.
2
Let s = 8164 - 8148. Calculate the remainder when 471/1*1/3 is divided by s.
13
Let z = -203 - -205. Calculate the remainder when 76 is divided by (43/z - -4) + 5/10.
24
Suppose -5*y + 15*c - 14*c + 1916 = 0, -1152 = -3*y + c. Calculate the remainder when 1193 is divided by y.
47
Suppose 4*m = 2 + 46. Suppose 5*v = 88 + m. Calculate the remainder when (1368/90)/(2/5) is divided by v.
18
Let u(k) = 3*k**3 - 3*k**2 + k + 1. What is the remainder when u(3) is divided by (-12 - (1 - 12))*-21?
16
Suppose -26 = -11*o - 92. Let p(h) = -28*h - 94. Calculate the remainder when 215 is divided by p(o).
67
Suppose q + 4 = 3*j, -4*q + 5*q + 4 = -3*j. Suppose j = 4*n - b - 428, 3*n + 4*b = 237 + 65. What is the remainder when n is divided by 10?
6
Suppose 8*s = 80*s - 7176 - 1248. Calculate the remainder when 2105 is divided by s.
116
Suppose -4*s = -s - 456. Suppose 0 = t - 11668 + 11629. Calculate the remainder when s is divided by t.
35
What is the remainder when (10496/(-160))/(-1*(-2)/(-5)) is divided by 38?
12
Let y = 62 - 31. Suppose 29*v - y*v + 104 = 0. Let m = v + -38. Calculate the remainder when 25 is divided by m.
11
Suppose -450 = -m + x, -668*m = -673*m - 3*x + 2202. What is the remainder when m is divided by 56?
52
Suppose 4*k - 184 = -2*m + 5*m, -4*m - 59 = -k. What is the remainder when k is divided by -2 + ((-38)/(-1) - 1)?
8
What is the remainder when 203 is divided by (-1 + -1 - (-32)/(-6))*1185/(-158)?
38
Let g(s) = -s**3 + 45*s**2 - 153*s - 81. What is the remainder when g(20) is divided by 237?
223
Let n(o) = 3*o**3 - o**2 - 42*o - 14. What is the remainder when n(7) is divided by 136?
128
Let z(b) = -b**3 + 8*b**2 + 21*b - 7. Suppose 8*r - 9 = 71. What is the remainder when 12 is divided by z(r)?
0
Let w(d) = -5*d**2 + 108*d - 447. Calculate the remainder when w(13) is divided by (6/9)/((-2)/(-171)).
55
Let n(i) be the first derivative of -14*i**2 - 368*i + 56. Calculate the remainder when 142 is divided by n(-15).
38
Suppose b - 3 = -k, b - 5*k + 214 - 229 = 0. What is the remainder when 676 is divided by b?
1
What is the remainder when 277 is divided by (-6567)/(-187) - ((-15)/85)/(21/(-14))?
32
Let f = -432 - -634. Suppose f*d - 136 = 201*d. What is the remainder when d is divided by 4/(-14) - (2 + (-783)/21)?
31
Let n(l) be the first derivative of 3*l**2 + 43*l + 100. Calculate the remainder when n(5) is divided by 25.
23
Let b be 30 - 26 - 0/(-1 - 0). Suppose -b*a + 296 = 84. Calculate the remainder when a is divided by 11.
9
Let c = 427 + -134. Let x = -39925 - -40023. What is the remainder when c is divided by x?
97
Suppose 23*v - 19*v = 0. Let x be 3 + 15 + -5 + v. Suppose x = r - 7. What is the remainder when 57 is divided by r?
17
Let g(q) = 5*q**2 + 4*q - 4. Suppose 5*h + h = -30. Calculate the remainder when g(h) is divided by 13.
10
Suppose -4546 = -41*l + 2178. Calculate the remainder when 173 is divided by l.
9
Suppose -55*o + 9587 = -5043. What is the remainder when o is divided by 26?
6
Let d(z) = z**3 - 5*z**2 + 6*z + 4. Let m be d(2). Calculate the remainder when (-4 + (-2 - -5))/(m/(-220)) is divided by 17.
4
Suppose 0 = -6*o + 5*o + 2*h - 122, 4*h - 500 = 4*o. Let k(m) = -7*m**2 + 3*m + 6. Let a be k(6). Let f = o - a. What is the remainder when f is divided by 34?
32
Suppose 137 = 2*v + 3*a, 0 = 4*v + a + 50 - 309. Calculate the remainder when v is divided by 14.
8
Suppose d = i - 66, -5*i + d + 122 = -188. Let z = -72 - -97. What is the remainder when i is divided by z?
11
Suppose -2*g + 33 = 3*b, -70 = -272*g + 267*g - 5*b. Calculate the remainder when 4205 is divided by g.
2
Let y be 28*((-2)/(-14)*-26 + 4). Calculate the remainder when 93 is divided by y*((-31)/(-7) + (-12)/28).
29
Let a be (0 - (-6 + 11))*-6. Suppose 0 = a*u - 50*u + 1280. What is the remainder when 126 is divided by u?
62
Let r(v) be the third derivative of 11*v**4/12 - 7*v**3/3 - 18*v**2 + v. Calculate the remainder when r(4) is divided by 15.
14
Let g be (6/5)/(6/50). What is the remainder when 24 is divided by g + 0/(-6) - 3?
3
Suppose 30 = 2*p + 54*y - 52*y, -2*p = 4*y - 38. Suppose -p*g = 28 - 226. Calculate the remainder when 161 is divided by g.
17
Let h = -318 - -323. Suppose -8 = -b - h*v + 9*v, -3*v + 22 = b. Calculate the remainder when 30 is divided by b.
14
Suppose -2*u - 3*u + 1504 = -3*u. Calculate the remainder when u is divided by 245.
17
Let o = -3 - 9. Let v be (-64)/(-11) + o/(-66). Suppose -z = -k + 17, -3*z + v*z + 87 = 5*k. Calculate the remainder when k is divided by 11.
7
Let x(s) = 3*s**2 + s + 3. Let y be x(-3). Let u = -19 + y. Calculate the remainder when (4/(52 - -4) - (-1185)/(-1106))*-31 is divided by u.
7
Suppose -b = 5*l - 211, -2*l + 0*b - 3*b + 87 = 0. Suppose i + 5*h - 36 = 6, -54 = -3*i + 3*h. What is the remainder when l is divided by i?
20
Let r be (11 + -12)/(-2*(-2)/(-392)). Let o = r - 88. Suppose -19 - 16 = -a. Calculate the remainder when a is divided by o.
5
Let i = 4082 - 3976. Calculate the remainder when i is divided by 24.
10
Let r = 34767 - 34427. Calculate the remainder when 587 is divided by r.
247
Suppose 2*z - 158 = -2*r, 0 = 4*z + 3*r - 361 + 45. What is the remainder when (-2)/(-4)*(445 - z) is divided by 80?
23
Let w = 468 + -442. Suppose w*m - 27*m + 314 = 0. What is the remainder when m is divided by 53?
49
Suppose -5*y + 1116 = 4*u, u - 279 = -0*u + 5*y. Suppose 5*n + 138 - 398 = -5*t, 5*n + 3*t = 270. What is the remainder when u is divided by n?
51
Suppose -2*v = -a, 0*v = v + 2*a - 10. Suppose -6*m + 32 = -v*m - 4*b, b - 2 = -m. What is the remainder when (-2)/10 - 1764/(-245) is divided by m?
2
Let h be 3/(-6) + 35/14. Let m be ((-45)/10)/3 + 497/h. Suppose -3*a = -5*k - m, 3*k = 4*a - 117 - 205. Calculate the remainder when a is divided by 21.
16
Let b = 46 + -46. Suppose 4*k + 5*v + 96 = b, 0 = -2*k - 4*v - 8 - 34. Let d = -4 - k. What is the remainder when d is divided by 7?
4
Calculate the remainder when 2 + -11161*(-5)/15 + 8/12 is divided by 28.
27
Let x = -1616 - -1627. Suppose -8*y + 904 = -4*y. What is the remainder when y is divided by x?
6
Let n = -1146 + 1242. Calculate the remainder when 858 is divided by n.
90
Suppose 5*x - 49 = 26. Suppose -4*v + 236 + 12 = -5*b, 4*v + 5*b - 208 = 0. Calculate the remainder when v is divided by x.
12
Suppose -1119 = 3*c + 5*f, -2*c + f + 142 = 888. Let w = c - -813. Calculate the remainder when w is divided by 13.
11
Suppose -24 + 112 = 2*g. Suppose 0 = -g*i + 53*i - 63. What is the remainder when 90 is divided by i?
6
Suppose 2*w - 27 = -21. Suppose -5*s + 36 = -24. Suppose 0 = 2*p + 4 - s. Calculate the remainder when p is divided by w.
1
Suppose -5*z + 84 = 9*z. Suppose d - 5*w + 155 = z*d, 3*d - w - 81 = 0. What is the remainder when 111 is divided by d?
27
Suppose -539 = -5*v + 2276 + 1575. Calculate the remainder when v is divided by 134.
74
Suppose 2*g = -2*m + 31 + 9, 0 = -2*m + 4*g + 22. Let j = 21 - -20. What is the remainder when j is divided by m?
7
Let v(o) = o**3 - 16*o**2 - 12*o - 58. What is the remainder when 68 is divided by v(17)?
14
Let z(w) = 2*w**2 - 25*w + 106. Calculate the remainder when 67 is divided by z(4).
29
Let q(v) = v**2 + 6*v - 22. Let d be q(-8). What is the remainder when 121/4 + (-1)/4 is divided by (-1)/(9/d)*24?
14
Suppose -2*a + 16*w + 522 = 11*w, 0 = 3*a - 2*w - 794. Calculate the remainder when a is divided by 54.
50
Let r(i) = 8*i**2 + 11*i + 22. Let u be r(-3). Suppose 2*s - 6*j - 29 = -11*j, -u = -5*s - j. Calculate the remainder when 15 is divided by s.
3
Let t(o) = -2*o + 6. Let s be t(2). Suppose 2*g + 4*q - 180 = -s*g, -229 = -5*g - 4*q. What is the remainder when g is divided by 15?
4
Let w(s) = -s - 7. Let m be w(-5). Suppose -555*r + 5875 = -5782 + 3332. What is